ided by 72?
70
Calculate the remainder when 573 is divided by 66.
45
What is the remainder when 526 is divided by 31?
30
Calculate the remainder when 1515 is divided by 12.
3
Calculate the remainder when 1115 is divided by 30.
5
Calculate the remainder when 522 is divided by 56.
18
What is the remainder when 3757 is divided by 33?
28
Calculate the remainder when 471 is divided by 184.
103
What is the remainder when 2110 is divided by 141?
136
What is the remainder when 469 is divided by 245?
224
What is the remainder when 279 is divided by 47?
44
What is the remainder when 31 is divided by 19?
12
Calculate the remainder when 554 is divided by 93.
89
What is the remainder when 3570 is divided by 65?
60
Calculate the remainder when 425 is divided by 62.
53
What is the remainder when 102 is divided by 35?
32
Calculate the remainder when 2858 is divided by 35.
23
Calculate the remainder when 126 is divided by 67.
59
What is the remainder when 258 is divided by 49?
13
What is the remainder when 2728 is divided by 18?
10
What is the remainder when 523 is divided by 59?
51
What is the remainder when 5334 is divided by 116?
114
Calculate the remainder when 351 is divided by 59.
56
Calculate the remainder when 2176 is divided by 219.
205
What is the remainder when 97 is divided by 46?
5
Calculate the remainder when 201 is divided by 51.
48
What is the remainder when 566 is divided by 33?
5
Calculate the remainder when 2715 is divided by 170.
165
Calculate the remainder when 162 is divided by 88.
74
Calculate the remainder when 1259 is divided by 16.
11
What is the remainder when 497 is divided by 10?
7
What is the remainder when 1809 is divided by 130?
119
Calculate the remainder when 146 is divided by 69.
8
Calculate the remainder when 181 is divided by 91.
90
What is the remainder when 6572 is divided by 19?
17
What is the remainder when 3004 is divided by 32?
28
Calculate the remainder when 537 is divided by 15.
12
What is the remainder when 120 is divided by 61?
59
Calculate the remainder when 175 is divided by 47.
34
Calculate the remainder when 131 is divided by 34.
29
Calculate the remainder when 2316 is divided by 25.
16
Calculate the remainder when 136 is divided by 2.
0
Calculate the remainder when 1648 is divided by 158.
68
What is the remainder when 1502 is divided by 372?
14
Calculate the remainder when 95 is divided by 52.
43
What is the remainder when 654 is divided by 134?
118
Calculate the remainder when 5060 is divided by 103.
13
What is the remainder when 169 is divided by 31?
14
Calculate the remainder when 3813 is divided by 144.
69
What is the remainder when 1807 is divided by 180?
7
Calculate the remainder when 276 is divided by 92.
0
What is the remainder when 12 is divided by 11?
1
What is the remainder when 1267 is divided by 106?
101
What is the remainder when 296 is divided by 50?
46
What is the remainder when 552 is divided by 16?
8
Calculate the remainder when 1138 is divided by 328.
154
What is the remainder when 315 is divided by 307?
8
Calculate the remainder when 51 is divided by 28.
23
Calculate the remainder when 341 is divided by 29.
22
Calculate the remainder when 7880 is divided by 18.
14
Calculate the remainder when 172 is divided by 57.
1
What is the remainder when 1266 is divided by 619?
28
What is the remainder when 33 is divided by 16?
1
Calculate the remainder when 27010 is divided by 12.
10
Calculate the remainder when 11 is divided by 9.
2
Calculate the remainder when 1955 is divided by 14.
9
What is the remainder when 405 is divided by 134?
3
What is the remainder when 951 is divided by 3?
0
Calculate the remainder when 199 is divided by 17.
12
Calculate the remainder when 725 is divided by 28.
25
Calculate the remainder when 307 is divided by 118.
71
What is the remainder when 2315 is divided by 771?
2
What is the remainder when 179 is divided by 40?
19
What is the remainder when 2074 is divided by 2063?
11
Calculate the remainder when 1271 is divided by 7.
4
What is the remainder when 2597 is divided by 26?
23
What is the remainder when 160 is divided by 13?
4
Calculate the remainder when 19 is divided by 6.
1
Calculate the remainder when 303 is divided by 69.
27
What is the remainder when 1236 is divided by 10?
6
Calculate the remainder when 4818 is divided by 2406.
6
Calculate the remainder when 951 is divided by 53.
50
What is the remainder when 488 is divided by 82?
78
Calculate the remainder when 178 is divided by 36.
34
Calculate the remainder when 117 is divided by 25.
17
Calculate the remainder when 133 is divided by 71.
62
What is the remainder when 617 is divided by 37?
25
What is the remainder when 194 is divided by 67?
60
What is the remainder when 1377 is divided by 12?
9
Calculate the remainder when 8159 is divided by 4.
3
What is the remainder when 373 is divided by 122?
7
What is the remainder when 1275 is divided by 38?
21
What is the remainder when 165 is divided by 80?
5
Calculate the remainder when 11371 is divided by 242.
239
Calculate the remainder when 189 is divided by 75.
39
What is the remainder when 231 is divided by 18?
15
What is the remainder when 380 is divided by 129?
122
What is the remainder when 7855 is divided by 15?
10
What is the remainder when 256 is divided by 39?
22
What is the remainder when 19531 is divided by 111?
106
Calculate the remainder when 501 is divided by 21.
18
Calculate the remainder when 230 is divided by 58.
56
Calculate the remainder when 180 is divided by 16.
4
Calculate the remainder when 260 is divided by 38.
32
Calculate the remainder when 1791 is divided by 56.
55
What is the remainder when 164 is divided by 24?
20
What is the remainder when 79 is divided by 40?
39
Calculate the remainder when 307 is divided by 79.
70
Calculate the remainder when 47 is divided by 13.
8
Calculate the remainder when 1715 is divided by 44.
43
Calculate the remainder when 3900 is divided by 644.
36
Calculate the remainder when 669 is divided by 27.
21
What is the remainder when 100 is divided by 17?
15
Calculate the remainder when 1053 is divided by 8.
5
What is the remainder when 194 is divided by 49?
47
What is the remainder when 564 is divided by 9?
6
Calculate the remainder when 6765 is divided by 188.
185
Calculate the remainder when 56 is divided by 24.
8
What is the remainder when 363 is divided by 100?
63
Calculate the remainder when 1044 is divided by 228.
132
What is the remainder when 66 is divided by 47?
19
What is the remainder when 4404 is divided by 294?
288
What is the remainder when 195 is divided by 49?
48
Calculate the remainder when 162 is divided by 76.
10
What is the remainder when 108 is divided by 17?
6
What is the remainder when 84 is divided by 32?
20
Calculate the remainder when 422 is divided by 63.
44
What is the remainder when 181 is divided by 160?
21
What is the remainder when 139 is divided by 11?
7
Calculate the remainder when 33 is divided by 12.
9
Calculate the remainder when 912 is divided by 9.
3
Calculate the remainder when 49 is divided by 37.
12
Calculate the remainder when 110 is divided by 26.
6
What is the remainder when 990 is divided by 482?
26
What is the remainder when 998 is divided by 100?
98
What is the remainder when 1141 is divided by 421?
299
What is the remainder when 2161 is divided by 103?
101
Calculate the remainder when 221 is divided by 14.
11
What is the remainder when 187 is divided by 35?
12
What is the remainder when 218 is divided by 122?
96
Calculate the remainder when 9716 is divided by 79.
78
What is the remainder when 12467 is divided by 378?
371
Calculate the remainder when 372 is divided by 119.
15
What is the remainder when 818 is divided by 82?
80
Calculate the remainder when 1913 is divided by 22.
21
What is the remainder when 873 is divided by 840?
33
What is the remainder when 4122 is divided by 343?
6
What is the remainder when 10414 is divided by 93?
91
Calculate the remainder when 32 is divided by 27.
5
What is the remainder when 4413 is divided by 8?
5
What is the remainder when 2374 is divided by 170?
164
What is the remainder when 3225 is divided by 154?
145
What is the remainder when 1506 is divided by 214?
8
Calculate the remainder when 1111 is divided by 2.
1
Calculate the 